 and a?
11
Let p = 246 + -103. Calculate the greatest common factor of p and 2301.
13
Suppose -970*z + 240 = -946*z. Calculate the greatest common factor of z and 64.
2
Let a = 33 - 19. Suppose -q + a = -31. Suppose -29*z + 504 = -15*z. Calculate the highest common factor of z and q.
9
Let z = -138 - -96. Let p be (8/6)/((-4)/z). Let b = -231787 - -231857. What is the greatest common factor of b and p?
14
Suppose 5*m = -2*a + 7952 + 667, -4*a + 17203 = 5*m. Calculate the greatest common divisor of 348 and a.
116
Suppose -38 = -5*w + 52. Let i(g) = 13*g + 336. Let q be i(-26). Let s be q + -22*7/(-14). What is the greatest common divisor of w and s?
9
Let c be (-199)/(-7) - (-9)/(-21). Let t be ((20/8)/(-5))/(2/(-212)). Let i = t - c. Calculate the highest common divisor of 275 and i.
25
Suppose 6295*a - 6096*a = 5748314. What is the greatest common factor of 572 and a?
286
Let i(t) = -24*t**2 + 1035*t - 77. Let b be i(43). What is the greatest common factor of 32 and b?
4
Suppose 4*z + 3 - 35 = 0. Suppose 5*i - 173 = 547. Suppose 2*a = 5*a - i. What is the highest common factor of z and a?
8
Suppose -v + 2*n = -1607, -15*n + 16*n = -2*v + 3194. What is the greatest common factor of 369 and v?
123
Suppose -13*k + 3*z - 687 = -14*k, -2*z = -k + 702. Suppose 4*b - 76 = 5*n, -108 = -5*b + 2*n + n. What is the greatest common divisor of b and k?
24
Let u = 7660 + -7548. Calculate the greatest common factor of 7266 and u.
14
Let l(h) be the third derivative of -h**5/60 + 7*h**4/6 - h**3 + 105*h**2. Let x be l(15). Calculate the highest common divisor of x and 7.
7
Let a = -231 + 223. Let d be (a/(-70))/((-6)/(-990))*14. Calculate the highest common divisor of d and 72.
24
Let m(g) = 6 + 19*g - 29*g + 2 - 10*g. Let q be m(3). Let u = -50 - q. What is the highest common factor of 8 and u?
2
Let i(u) = -110*u + 938. Let k be i(-30). Calculate the highest common factor of 52 and k.
26
Suppose 440*x - 437*x - 3*t = 4110, -3*x - 4*t + 4138 = 0. What is the greatest common divisor of x and 6?
6
Let r be 75/5*(-56)/(-6). Let c be 12/2*(2 + (-5)/3). Suppose 4*d = 4*n + 3*d - 222, -n + c*d = -52. Calculate the greatest common divisor of n and r.
28
Let j(l) = 31*l**2 - 221*l + 1156. Let n be j(5). Calculate the highest common divisor of 294 and n.
14
Let x be 1166/(-4)*1972/(-374). What is the highest common factor of 116 and x?
29
Let o(b) = 7*b**2 + 5*b + 28. Let n = 137 + -143. Let d be o(n). Calculate the highest common divisor of d and 100.
50
Suppose 10*l + 6 = -4. Let n(z) = 23*z**2 - 7*z - 2. Let k be n(l). What is the highest common factor of k and 252?
28
Let c = -6861 - -7345. What is the greatest common divisor of c and 1188?
44
Let v be 6762/154 + 4/44. Let i be (792/(-352))/(((-3)/88)/1). Calculate the highest common factor of i and v.
22
Let t be 18 + 0/(-1) + -91 + 85. Calculate the highest common factor of 412 and t.
4
Let r = 9069 + -8943. What is the highest common divisor of r and 2828?
14
Let b = -1080 - -1340. Calculate the greatest common factor of 120 and b.
20
Suppose -3*l + 30 = -3*s - 507, 4*l + 3*s = 695. Let m = 5 - -11. Calculate the greatest common factor of l and m.
16
Let p = -468 + 696. Let h be 3244/10 - (-12 - p/(-20)). Calculate the greatest common divisor of 39 and h.
13
Suppose 65 = 27*w - 43 - 324. Calculate the greatest common divisor of 1024 and w.
16
Let q be 36/12 - (-6)/(3/3). Let s be -6*12/q - -72. What is the highest common factor of 544 and s?
32
Let y(d) = d**3 - d**2 - 3*d + 323. Let o be y(0). Suppose -93 = 28*f - 504 - 65. What is the highest common divisor of o and f?
17
Suppose -187*x = -96*x - 553007. Calculate the greatest common factor of x and 472.
59
Suppose -9*q = -17*q - 104. Let p be 122 - (-1)/(((-39)/12)/q). What is the highest common divisor of 28 and p?
14
Let f(t) = -2*t**3 + 63*t**2 - 57*t - 50. Let c be f(26). Calculate the greatest common divisor of c and 36.
36
Let q(u) = u**3 - 10*u**2 - 12*u + 3. Let x be q(11). Let i(c) = -33*c - 128. Let y be i(x). What is the highest common divisor of y and 51?
17
Let h = -966 - -979. Let s = 2 + -2. Suppose s = t - 26. Calculate the highest common factor of h and t.
13
Let q = 91 - -53. Suppose 0 = -9*j - 40 + 193. Suppose 13*x = 217 + j. What is the greatest common factor of x and q?
18
Suppose -122*u + 73*u + 70*u - 600621 = 0. What is the highest common divisor of 37 and u?
37
Let m be -3 - (-207 + 12/(-3) + -1). Let q(n) = 7*n**2 - 17*n - 29. Let c be q(-2). Calculate the highest common divisor of m and c.
11
Let s = -5831 - -5893. What is the greatest common factor of 6 and s?
2
Suppose 5*u + 2*s = 112, 2*u - s - 68 = 4*s. Let p = 92 - 105. Let r = -7 - p. What is the greatest common divisor of u and r?
6
Let s(a) = a**2 - 15*a - 82. Let l be s(26). Calculate the greatest common divisor of l and 4352.
68
Let z be -1*(0 - 7) - -2. Suppose 3*f = 2*a + 9, 3*a - 2*f + 0 = -6. Suppose -h - 33*h + 5202 = a. Calculate the highest common divisor of z and h.
9
Let t = 10742 + -10730. What is the greatest common factor of t and 141?
3
Suppose 3*z = y + 12, -y - 16 = 4*z - 8*z. Suppose -7 + 32 = 5*q. Suppose -z*g = q*g - 279. What is the greatest common factor of 31 and g?
31
Suppose -9*b + 12 = -6. Suppose 4*i = -s + 9, b*s - 8 = -2*s - 2*i. Calculate the highest common factor of 8 and s.
1
Suppose 235*t - 1319 = 646 - 555. Suppose -4*a + 3*b + 280 + 416 = 0, -3*b + 174 = a. Calculate the highest common factor of a and t.
6
Let c(b) be the third derivative of b**5/30 - 3*b**4/4 + b**3/6 + 46*b**2. Let y be c(10). Calculate the greatest common divisor of y and 105.
21
Let x = 54 + -48. Let n be (-8*(-7)/x)/((-4)/(-12)). What is the greatest common divisor of 98 and n?
14
Suppose -c + 5*d = -117, 3*d - 399 = -c - 3*c. Let x = -105 + c. Let s be 22/1 + -4 + 0/x. Calculate the greatest common divisor of 90 and s.
18
Let z = -17 - -30. Let j(y) = -24*y + 14. Let c be j(-7). Suppose -6*u = -4*u - c. What is the greatest common factor of u and z?
13
Let c be (1 + -12)/((-8062)/6612 - (-7)/6). Calculate the greatest common factor of c and 247.
19
Let n = -4416 + 4500. Calculate the highest common factor of 1659 and n.
21
Let z be (7 + -1)*355/10. Let w = z + -190. Calculate the highest common divisor of 368 and w.
23
Let f = -4 - -38. Let a be (f/4)/(6/12). Suppose 5*o - 195 = -2*v, -245 = -4*v - 5*o + 120. What is the greatest common divisor of v and a?
17
Suppose -34 = 2*y - 3*y. Let c be (-10 - -9)/(2/(-16)) - 0. Let k(a) = a**2 + 21. Let m be k(c). What is the greatest common factor of y and m?
17
Let g be (-3)/(-6)*2584 - 28/(-7). What is the highest common factor of g and 729?
81
Let o be 42/4*((-2)/13)/((-3)/39). What is the highest common factor of 11823 and o?
21
Suppose 30 + 482 = 4*p. Let y be 688 + 275/55 + 11. What is the highest common factor of p and y?
64
Suppose 1994*q - 1976*q = 378. Calculate the greatest common divisor of 75 and q.
3
Let q = -6 - -16. Let s = q - 8. Suppose -s*o + 129 + 313 = 0. Calculate the highest common factor of 13 and o.
13
Let n(y) = -y**3 + 7*y**2 - 11*y - 1. Let j be n(3). Suppose -5*l = 2*f - 79, 0*f - j*f - 11 = -l. What is the highest common divisor of 315 and l?
15
Let y = -362 + 159. Let v be 58/y + 18/14. Calculate the greatest common divisor of v and 17.
1
Let r be -1*(-4)/8*0/(-3) - -112. Calculate the highest common factor of r and 840.
56
Let t be 16 - -1 - (-6)/2. Let h = -99 - -94. Let k be 8/h + 12/t - -71. What is the highest common divisor of k and 28?
14
Let s(j) = 6*j - 27. Let g(p) = -p**3 - 18*p**2 + 17*p - 33. Let n be g(-19). Let m be s(n). Calculate the greatest common divisor of m and 93.
3
Let j = -28 - -30. Suppose f = h - j, 5*f - 7 = -5*h + 23. Suppose -f*r = 3*r + 25, k + 3*r = -8. What is the highest common factor of 49 and k?
7
Suppose 2*b - 2*h = 828, 2082 = 5*b + 22*h - 21*h. Calculate the highest common divisor of b and 36.
4
Let l = -1188 - -878. Let u = l + 350. What is the greatest common factor of u and 70?
10
Suppose -5*b + y + 11 - 51 = 0, b - y = -4. Let s be b/12 - 1880/(-32). Calculate the highest common factor of 290 and s.
58
Let g = 356 - 242. Let y = g + -51. Let x be -1 + (-302)/(-14) - (-39)/91. What is the greatest common divisor of y and x?
21
Let p(y) = -1185*y 